{"id":5074,"date":"2019-03-10T16:07:11","date_gmt":"2019-03-10T15:07:11","guid":{"rendered":"https:\/\/www.womans-secret-shop.com\/shop\/?post_type=product&#038;p=5074"},"modified":"2025-02-23T20:26:48","modified_gmt":"2025-02-23T19:26:48","slug":"pure-gel-remover-4-duftsorte","status":"publish","type":"product","link":"https:\/\/www.womans-secret-shop.com\/shop\/produkt\/arbeitsmaterial\/fluessigkeiten\/remover\/pure-gel-remover-4-duftsorte\/","title":{"rendered":"Pure Gel Remover 4 Duftsorte"},"content":{"rendered":"<p>Pure Gel Remover<\/p>\n<p>Strawberry Scent | Citrus Scent | Hydrangea Scent | Rose Scent<\/p>\n<p>Gewicht: 20g<\/p>\n<p>Konsistenz: Gel<\/p>\n<p>Dieser Klebel\u00f6ser ist speziell f\u00fcr die Augenbrauen und Wimpernverl\u00e4ngerung gemacht worden.<\/p>\n<p>Da er aus Gel ist, ist er f\u00fcr Anf\u00e4ngerinnen, sowie Professionalistinnen gedacht.<\/p>\n<p>Unser \u201ePure Gel Remover\u201c l\u00f6st nur die k\u00fcnstlichen Wimpern, die Nat\u00fcrlichen werden dabei nicht besch\u00e4digt!<\/p>\n<p>Gebrauchsanweisung:<br \/>\nKann im Liegen verwendet werden, jedoch empfehlen wir den Pure Gel Remover in einer halb liegenden Position zu verwenden, damit die Fl\u00fcssigkeit nicht so leicht ins Auge gelangen kann.<\/p>\n<p>Tragen Sie das Gel vorsichtig mit den Mikrob\u00fcrsten auf die Wimpern auf. Nach 2-3 Minuten nehmen Sie mit den B\u00fcrstenspitzen den Kleber auf. B\u00fcrsten Sie dabei langsam und sorgf\u00e4ltig nach oben, um den Kleber aufzul\u00f6sen und die k\u00fcnstlichen Wimpern zu entfernen.<\/p>\n<p>*Mit klarem Wasser aussp\u00fclen, sollte doch etwas ins Auge kommen.<\/p>\n","protected":false},"excerpt":{"rendered":"<p>Gewicht: 20g<\/p>\n<p>Konsistenz: Gel<\/p>\n<p>Strawberry Scent | Citrus Scent | Hydrangea Scent | Rose Scent<\/p>\n","protected":false},"featured_media":5080,"comment_status":"closed","ping_status":"closed","template":"","meta":[],"product_cat":[78,43,138],"product_tag":[],"yoast_head":"<!-- This site is optimized with the Yoast SEO plugin v19.10 - https:\/\/yoast.com\/wordpress\/plugins\/seo\/ -->\n<title>Pure Gel Remover 4 Duftsorte - WOMANS-SECRET-SHOP.COM<\/title>\n<meta name=\"robots\" content=\"index, follow, max-snippet:-1, max-image-preview:large, max-video-preview:-1\" \/>\n<link rel=\"canonical\" href=\"https:\/\/www.womans-secret-shop.com\/shop\/produkt\/arbeitsmaterial\/fluessigkeiten\/remover\/pure-gel-remover-4-duftsorte\/\" \/>\n<meta property=\"og:locale\" content=\"de_DE\" \/>\n<meta property=\"og:type\" content=\"article\" \/>\n<meta property=\"og:title\" content=\"Pure Gel Remover 4 Duftsorte - WOMANS-SECRET-SHOP.COM\" \/>\n<meta property=\"og:description\" content=\"Gewicht: 20g  Konsistenz: Gel  Strawberry Scent | Citrus Scent | Hydrangea Scent | Rose Scent\" \/>\n<meta property=\"og:url\" content=\"https:\/\/www.womans-secret-shop.com\/shop\/produkt\/arbeitsmaterial\/fluessigkeiten\/remover\/pure-gel-remover-4-duftsorte\/\" \/>\n<meta property=\"og:site_name\" content=\"WOMANS-SECRET-SHOP.COM\" \/>\n<meta property=\"article:publisher\" content=\"https:\/\/www.facebook.com\/wsbyalicjakesik\/\" \/>\n<meta property=\"article:modified_time\" content=\"2025-02-23T19:26:48+00:00\" \/>\n<meta property=\"og:image\" content=\"https:\/\/www.womans-secret-shop.com\/shop\/wp-content\/uploads\/2021\/09\/pure-gel-remover-4.png\" \/>\n\t<meta property=\"og:image:width\" content=\"1007\" \/>\n\t<meta property=\"og:image:height\" content=\"522\" \/>\n\t<meta property=\"og:image:type\" content=\"image\/png\" \/>\n<meta name=\"twitter:card\" content=\"summary_large_image\" \/>\n<meta name=\"twitter:label1\" content=\"Gesch\u00e4tzte Lesezeit\" \/>\n\t<meta name=\"twitter:data1\" content=\"1\u00a0Minute\" \/>\n<script type=\"application\/ld+json\" class=\"yoast-schema-graph\">{\"@context\":\"https:\/\/schema.org\",\"@graph\":[{\"@type\":\"WebPage\",\"@id\":\"https:\/\/www.womans-secret-shop.com\/shop\/produkt\/arbeitsmaterial\/fluessigkeiten\/remover\/pure-gel-remover-4-duftsorte\/\",\"url\":\"https:\/\/www.womans-secret-shop.com\/shop\/produkt\/arbeitsmaterial\/fluessigkeiten\/remover\/pure-gel-remover-4-duftsorte\/\",\"name\":\"Pure Gel Remover 4 Duftsorte - WOMANS-SECRET-SHOP.COM\",\"isPartOf\":{\"@id\":\"https:\/\/www.womans-secret-shop.com\/shop\/#website\"},\"datePublished\":\"2019-03-10T15:07:11+00:00\",\"dateModified\":\"2025-02-23T19:26:48+00:00\",\"breadcrumb\":{\"@id\":\"https:\/\/www.womans-secret-shop.com\/shop\/produkt\/arbeitsmaterial\/fluessigkeiten\/remover\/pure-gel-remover-4-duftsorte\/#breadcrumb\"},\"inLanguage\":\"de\",\"potentialAction\":[{\"@type\":\"ReadAction\",\"target\":[\"https:\/\/www.womans-secret-shop.com\/shop\/produkt\/arbeitsmaterial\/fluessigkeiten\/remover\/pure-gel-remover-4-duftsorte\/\"]}]},{\"@type\":\"BreadcrumbList\",\"@id\":\"https:\/\/www.womans-secret-shop.com\/shop\/produkt\/arbeitsmaterial\/fluessigkeiten\/remover\/pure-gel-remover-4-duftsorte\/#breadcrumb\",\"itemListElement\":[{\"@type\":\"ListItem\",\"position\":1,\"name\":\"Startseite\",\"item\":\"https:\/\/www.womans-secret-shop.com\/shop\/\"},{\"@type\":\"ListItem\",\"position\":2,\"name\":\"ALLE PRODUKTE\",\"item\":\"https:\/\/www.womans-secret-shop.com\/shop\/alle-produkte\/\"},{\"@type\":\"ListItem\",\"position\":3,\"name\":\"Pure Gel Remover 4 Duftsorte\"}]},{\"@type\":\"WebSite\",\"@id\":\"https:\/\/www.womans-secret-shop.com\/shop\/#website\",\"url\":\"https:\/\/www.womans-secret-shop.com\/shop\/\",\"name\":\"WOMANS-SECRET-SHOP.COM\",\"description\":\"Wimpern und Zubeh\u00f6r online kaufen!\",\"potentialAction\":[{\"@type\":\"SearchAction\",\"target\":{\"@type\":\"EntryPoint\",\"urlTemplate\":\"https:\/\/www.womans-secret-shop.com\/shop\/?s={search_term_string}\"},\"query-input\":\"required name=search_term_string\"}],\"inLanguage\":\"de\"}]}<\/script>\n<!-- \/ Yoast SEO plugin. -->","yoast_head_json":{"title":"Pure Gel Remover 4 Duftsorte - WOMANS-SECRET-SHOP.COM","robots":{"index":"index","follow":"follow","max-snippet":"max-snippet:-1","max-image-preview":"max-image-preview:large","max-video-preview":"max-video-preview:-1"},"canonical":"https:\/\/www.womans-secret-shop.com\/shop\/produkt\/arbeitsmaterial\/fluessigkeiten\/remover\/pure-gel-remover-4-duftsorte\/","og_locale":"de_DE","og_type":"article","og_title":"Pure Gel Remover 4 Duftsorte - WOMANS-SECRET-SHOP.COM","og_description":"Gewicht: 20g  Konsistenz: Gel  Strawberry Scent | Citrus Scent | Hydrangea Scent | Rose Scent","og_url":"https:\/\/www.womans-secret-shop.com\/shop\/produkt\/arbeitsmaterial\/fluessigkeiten\/remover\/pure-gel-remover-4-duftsorte\/","og_site_name":"WOMANS-SECRET-SHOP.COM","article_publisher":"https:\/\/www.facebook.com\/wsbyalicjakesik\/","article_modified_time":"2025-02-23T19:26:48+00:00","og_image":[{"width":1007,"height":522,"url":"https:\/\/www.womans-secret-shop.com\/shop\/wp-content\/uploads\/2021\/09\/pure-gel-remover-4.png","type":"image\/png"}],"twitter_card":"summary_large_image","twitter_misc":{"Gesch\u00e4tzte Lesezeit":"1\u00a0Minute"},"schema":{"@context":"https:\/\/schema.org","@graph":[{"@type":"WebPage","@id":"https:\/\/www.womans-secret-shop.com\/shop\/produkt\/arbeitsmaterial\/fluessigkeiten\/remover\/pure-gel-remover-4-duftsorte\/","url":"https:\/\/www.womans-secret-shop.com\/shop\/produkt\/arbeitsmaterial\/fluessigkeiten\/remover\/pure-gel-remover-4-duftsorte\/","name":"Pure Gel Remover 4 Duftsorte - WOMANS-SECRET-SHOP.COM","isPartOf":{"@id":"https:\/\/www.womans-secret-shop.com\/shop\/#website"},"datePublished":"2019-03-10T15:07:11+00:00","dateModified":"2025-02-23T19:26:48+00:00","breadcrumb":{"@id":"https:\/\/www.womans-secret-shop.com\/shop\/produkt\/arbeitsmaterial\/fluessigkeiten\/remover\/pure-gel-remover-4-duftsorte\/#breadcrumb"},"inLanguage":"de","potentialAction":[{"@type":"ReadAction","target":["https:\/\/www.womans-secret-shop.com\/shop\/produkt\/arbeitsmaterial\/fluessigkeiten\/remover\/pure-gel-remover-4-duftsorte\/"]}]},{"@type":"BreadcrumbList","@id":"https:\/\/www.womans-secret-shop.com\/shop\/produkt\/arbeitsmaterial\/fluessigkeiten\/remover\/pure-gel-remover-4-duftsorte\/#breadcrumb","itemListElement":[{"@type":"ListItem","position":1,"name":"Startseite","item":"https:\/\/www.womans-secret-shop.com\/shop\/"},{"@type":"ListItem","position":2,"name":"ALLE PRODUKTE","item":"https:\/\/www.womans-secret-shop.com\/shop\/alle-produkte\/"},{"@type":"ListItem","position":3,"name":"Pure Gel Remover 4 Duftsorte"}]},{"@type":"WebSite","@id":"https:\/\/www.womans-secret-shop.com\/shop\/#website","url":"https:\/\/www.womans-secret-shop.com\/shop\/","name":"WOMANS-SECRET-SHOP.COM","description":"Wimpern und Zubeh\u00f6r online kaufen!","potentialAction":[{"@type":"SearchAction","target":{"@type":"EntryPoint","urlTemplate":"https:\/\/www.womans-secret-shop.com\/shop\/?s={search_term_string}"},"query-input":"required name=search_term_string"}],"inLanguage":"de"}]}},"_links":{"self":[{"href":"https:\/\/www.womans-secret-shop.com\/shop\/wp-json\/wp\/v2\/product\/5074"}],"collection":[{"href":"https:\/\/www.womans-secret-shop.com\/shop\/wp-json\/wp\/v2\/product"}],"about":[{"href":"https:\/\/www.womans-secret-shop.com\/shop\/wp-json\/wp\/v2\/types\/product"}],"replies":[{"embeddable":true,"href":"https:\/\/www.womans-secret-shop.com\/shop\/wp-json\/wp\/v2\/comments?post=5074"}],"wp:featuredmedia":[{"embeddable":true,"href":"https:\/\/www.womans-secret-shop.com\/shop\/wp-json\/wp\/v2\/media\/5080"}],"wp:attachment":[{"href":"https:\/\/www.womans-secret-shop.com\/shop\/wp-json\/wp\/v2\/media?parent=5074"}],"wp:term":[{"taxonomy":"product_cat","embeddable":true,"href":"https:\/\/www.womans-secret-shop.com\/shop\/wp-json\/wp\/v2\/product_cat?post=5074"},{"taxonomy":"product_tag","embeddable":true,"href":"https:\/\/www.womans-secret-shop.com\/shop\/wp-json\/wp\/v2\/product_tag?post=5074"}],"curies":[{"name":"wp","href":"https:\/\/api.w.org\/{rel}","templated":true}]}}