{"id":3907,"date":"2018-02-24T17:12:58","date_gmt":"2018-02-24T16:12:58","guid":{"rendered":"http:\/\/www.womans-secret-shop.com\/shop\/?post_type=product&#038;p=3907"},"modified":"2024-05-01T23:16:50","modified_gmt":"2024-05-01T21:16:50","slug":"minipalette-silver","status":"publish","type":"product","link":"https:\/\/www.womans-secret-shop.com\/shop\/produkt\/wimpern\/sonstige-farbige\/glitzer\/minipalette-silver\/","title":{"rendered":"Minipalette Gold-Glitzer MIX"},"content":{"rendered":"<p>Rapid Deco Perfect Mini<\/p>\n<p>Curl: B | C<\/p>\n<p>St\u00e4rke: 0.15<\/p>\n<p>L\u00e4ngen Mixed: 2x10mm, 2x12mm, 2x14mm<br \/>\n6 Str\u00e4hnen insgesamt Gold &#8211; Glitzer<\/p>\n<p>Sehr feine Einzelwimpern f\u00fcr eine professionelle Wimpernverl\u00e4ngerung &#038; Verdichtung und Lashart<\/p>\n","protected":false},"excerpt":{"rendered":"<p>Curl: B | C<\/p>\n<p>St\u00e4rke: 0.15<\/p>\n<p>L\u00e4ngen Mixed: 2x10mm, 2x12mm, 2x14mm<br \/>\n6 Str\u00e4hnen insgesamt<\/p>\n<p>Farbe: Gold &#8211; Glitzer<\/p>\n","protected":false},"featured_media":3911,"comment_status":"closed","ping_status":"closed","template":"","meta":[],"product_cat":[33,129],"product_tag":[],"yoast_head":"<!-- This site is optimized with the Yoast SEO plugin v19.10 - https:\/\/yoast.com\/wordpress\/plugins\/seo\/ -->\n<title>Minipalette Gold-Glitzer MIX - WOMANS-SECRET-SHOP.COM<\/title>\n<meta name=\"robots\" content=\"index, follow, max-snippet:-1, max-image-preview:large, max-video-preview:-1\" \/>\n<link rel=\"canonical\" href=\"https:\/\/www.womans-secret-shop.com\/shop\/produkt\/wimpern\/sonstige-farbige\/glitzer\/minipalette-silver\/\" \/>\n<meta property=\"og:locale\" content=\"de_DE\" \/>\n<meta property=\"og:type\" content=\"article\" \/>\n<meta property=\"og:title\" content=\"Minipalette Gold-Glitzer MIX - WOMANS-SECRET-SHOP.COM\" \/>\n<meta property=\"og:description\" content=\"Curl: B | C  St\u00e4rke: 0.15  L\u00e4ngen Mixed: 2x10mm, 2x12mm, 2x14mm 6 Str\u00e4hnen insgesamt  Farbe: Gold - Glitzer\" \/>\n<meta property=\"og:url\" content=\"https:\/\/www.womans-secret-shop.com\/shop\/produkt\/wimpern\/sonstige-farbige\/glitzer\/minipalette-silver\/\" \/>\n<meta property=\"og:site_name\" content=\"WOMANS-SECRET-SHOP.COM\" \/>\n<meta property=\"article:publisher\" content=\"https:\/\/www.facebook.com\/wsbyalicjakesik\/\" \/>\n<meta property=\"article:modified_time\" content=\"2024-05-01T21:16:50+00:00\" \/>\n<meta property=\"og:image\" content=\"https:\/\/www.womans-secret-shop.com\/shop\/wp-content\/uploads\/2021\/09\/gold.jpg\" \/>\n\t<meta property=\"og:image:width\" content=\"800\" \/>\n\t<meta property=\"og:image:height\" content=\"1067\" \/>\n\t<meta property=\"og:image:type\" content=\"image\/jpeg\" \/>\n<meta name=\"twitter:card\" content=\"summary_large_image\" \/>\n<script type=\"application\/ld+json\" class=\"yoast-schema-graph\">{\"@context\":\"https:\/\/schema.org\",\"@graph\":[{\"@type\":\"WebPage\",\"@id\":\"https:\/\/www.womans-secret-shop.com\/shop\/produkt\/wimpern\/sonstige-farbige\/glitzer\/minipalette-silver\/\",\"url\":\"https:\/\/www.womans-secret-shop.com\/shop\/produkt\/wimpern\/sonstige-farbige\/glitzer\/minipalette-silver\/\",\"name\":\"Minipalette Gold-Glitzer MIX - WOMANS-SECRET-SHOP.COM\",\"isPartOf\":{\"@id\":\"https:\/\/www.womans-secret-shop.com\/shop\/#website\"},\"datePublished\":\"2018-02-24T16:12:58+00:00\",\"dateModified\":\"2024-05-01T21:16:50+00:00\",\"breadcrumb\":{\"@id\":\"https:\/\/www.womans-secret-shop.com\/shop\/produkt\/wimpern\/sonstige-farbige\/glitzer\/minipalette-silver\/#breadcrumb\"},\"inLanguage\":\"de\",\"potentialAction\":[{\"@type\":\"ReadAction\",\"target\":[\"https:\/\/www.womans-secret-shop.com\/shop\/produkt\/wimpern\/sonstige-farbige\/glitzer\/minipalette-silver\/\"]}]},{\"@type\":\"BreadcrumbList\",\"@id\":\"https:\/\/www.womans-secret-shop.com\/shop\/produkt\/wimpern\/sonstige-farbige\/glitzer\/minipalette-silver\/#breadcrumb\",\"itemListElement\":[{\"@type\":\"ListItem\",\"position\":1,\"name\":\"Startseite\",\"item\":\"https:\/\/www.womans-secret-shop.com\/shop\/\"},{\"@type\":\"ListItem\",\"position\":2,\"name\":\"ALLE PRODUKTE\",\"item\":\"https:\/\/www.womans-secret-shop.com\/shop\/alle-produkte\/\"},{\"@type\":\"ListItem\",\"position\":3,\"name\":\"Minipalette Gold-Glitzer MIX\"}]},{\"@type\":\"WebSite\",\"@id\":\"https:\/\/www.womans-secret-shop.com\/shop\/#website\",\"url\":\"https:\/\/www.womans-secret-shop.com\/shop\/\",\"name\":\"WOMANS-SECRET-SHOP.COM\",\"description\":\"Wimpern und Zubeh\u00f6r online kaufen!\",\"potentialAction\":[{\"@type\":\"SearchAction\",\"target\":{\"@type\":\"EntryPoint\",\"urlTemplate\":\"https:\/\/www.womans-secret-shop.com\/shop\/?s={search_term_string}\"},\"query-input\":\"required name=search_term_string\"}],\"inLanguage\":\"de\"}]}<\/script>\n<!-- \/ Yoast SEO plugin. -->","yoast_head_json":{"title":"Minipalette Gold-Glitzer MIX - WOMANS-SECRET-SHOP.COM","robots":{"index":"index","follow":"follow","max-snippet":"max-snippet:-1","max-image-preview":"max-image-preview:large","max-video-preview":"max-video-preview:-1"},"canonical":"https:\/\/www.womans-secret-shop.com\/shop\/produkt\/wimpern\/sonstige-farbige\/glitzer\/minipalette-silver\/","og_locale":"de_DE","og_type":"article","og_title":"Minipalette Gold-Glitzer MIX - WOMANS-SECRET-SHOP.COM","og_description":"Curl: B | C  St\u00e4rke: 0.15  L\u00e4ngen Mixed: 2x10mm, 2x12mm, 2x14mm 6 Str\u00e4hnen insgesamt  Farbe: Gold - Glitzer","og_url":"https:\/\/www.womans-secret-shop.com\/shop\/produkt\/wimpern\/sonstige-farbige\/glitzer\/minipalette-silver\/","og_site_name":"WOMANS-SECRET-SHOP.COM","article_publisher":"https:\/\/www.facebook.com\/wsbyalicjakesik\/","article_modified_time":"2024-05-01T21:16:50+00:00","og_image":[{"width":800,"height":1067,"url":"https:\/\/www.womans-secret-shop.com\/shop\/wp-content\/uploads\/2021\/09\/gold.jpg","type":"image\/jpeg"}],"twitter_card":"summary_large_image","schema":{"@context":"https:\/\/schema.org","@graph":[{"@type":"WebPage","@id":"https:\/\/www.womans-secret-shop.com\/shop\/produkt\/wimpern\/sonstige-farbige\/glitzer\/minipalette-silver\/","url":"https:\/\/www.womans-secret-shop.com\/shop\/produkt\/wimpern\/sonstige-farbige\/glitzer\/minipalette-silver\/","name":"Minipalette Gold-Glitzer MIX - WOMANS-SECRET-SHOP.COM","isPartOf":{"@id":"https:\/\/www.womans-secret-shop.com\/shop\/#website"},"datePublished":"2018-02-24T16:12:58+00:00","dateModified":"2024-05-01T21:16:50+00:00","breadcrumb":{"@id":"https:\/\/www.womans-secret-shop.com\/shop\/produkt\/wimpern\/sonstige-farbige\/glitzer\/minipalette-silver\/#breadcrumb"},"inLanguage":"de","potentialAction":[{"@type":"ReadAction","target":["https:\/\/www.womans-secret-shop.com\/shop\/produkt\/wimpern\/sonstige-farbige\/glitzer\/minipalette-silver\/"]}]},{"@type":"BreadcrumbList","@id":"https:\/\/www.womans-secret-shop.com\/shop\/produkt\/wimpern\/sonstige-farbige\/glitzer\/minipalette-silver\/#breadcrumb","itemListElement":[{"@type":"ListItem","position":1,"name":"Startseite","item":"https:\/\/www.womans-secret-shop.com\/shop\/"},{"@type":"ListItem","position":2,"name":"ALLE PRODUKTE","item":"https:\/\/www.womans-secret-shop.com\/shop\/alle-produkte\/"},{"@type":"ListItem","position":3,"name":"Minipalette Gold-Glitzer MIX"}]},{"@type":"WebSite","@id":"https:\/\/www.womans-secret-shop.com\/shop\/#website","url":"https:\/\/www.womans-secret-shop.com\/shop\/","name":"WOMANS-SECRET-SHOP.COM","description":"Wimpern und Zubeh\u00f6r online kaufen!","potentialAction":[{"@type":"SearchAction","target":{"@type":"EntryPoint","urlTemplate":"https:\/\/www.womans-secret-shop.com\/shop\/?s={search_term_string}"},"query-input":"required name=search_term_string"}],"inLanguage":"de"}]}},"_links":{"self":[{"href":"https:\/\/www.womans-secret-shop.com\/shop\/wp-json\/wp\/v2\/product\/3907"}],"collection":[{"href":"https:\/\/www.womans-secret-shop.com\/shop\/wp-json\/wp\/v2\/product"}],"about":[{"href":"https:\/\/www.womans-secret-shop.com\/shop\/wp-json\/wp\/v2\/types\/product"}],"replies":[{"embeddable":true,"href":"https:\/\/www.womans-secret-shop.com\/shop\/wp-json\/wp\/v2\/comments?post=3907"}],"wp:featuredmedia":[{"embeddable":true,"href":"https:\/\/www.womans-secret-shop.com\/shop\/wp-json\/wp\/v2\/media\/3911"}],"wp:attachment":[{"href":"https:\/\/www.womans-secret-shop.com\/shop\/wp-json\/wp\/v2\/media?parent=3907"}],"wp:term":[{"taxonomy":"product_cat","embeddable":true,"href":"https:\/\/www.womans-secret-shop.com\/shop\/wp-json\/wp\/v2\/product_cat?post=3907"},{"taxonomy":"product_tag","embeddable":true,"href":"https:\/\/www.womans-secret-shop.com\/shop\/wp-json\/wp\/v2\/product_tag?post=3907"}],"curies":[{"name":"wp","href":"https:\/\/api.w.org\/{rel}","templated":true}]}}