{"id":3481,"date":"2018-02-24T00:24:02","date_gmt":"2018-02-23T23:24:02","guid":{"rendered":"http:\/\/www.womans-secret-shop.com\/shop\/?post_type=product&#038;p=3481"},"modified":"2025-08-08T14:00:02","modified_gmt":"2025-08-08T12:00:02","slug":"dv-blooming-essence-wimpernserum","status":"publish","type":"product","link":"https:\/\/www.womans-secret-shop.com\/shop\/produkt\/wimpernpflege\/dv-blooming-essence-wimpernserum\/","title":{"rendered":"DV Blooming Essence Wimpernserum"},"content":{"rendered":"<p>DV Blooming Essence<\/p>\n<p>Inhalt: 7 ml<\/p>\n<p>Unser Wimpernserum sorgt in erster Linie daf\u00fcr, dass die nat\u00fcrlichen Wimpern sich regenerieren.<br \/>\nDurch die Essencel\u00f6sung unterst\u00fctzt es au\u00dferdem den Wachstum.<br \/>\nDie nat\u00fcrlichen Wimpern wachsen wesentlich schneller und werden kr\u00e4ftiger.<\/p>\n<p>Sollten Sie eine Wimpernverl\u00e4ngerung tragen, wird bei Benutzung des DV Blooming Essence der Refill-\/Auff\u00fcllungszeitraum verk\u00fcrzt, da die Wimpern sichtbar schneller nachwachsen.<\/p>\n<p>Anwendung:<br \/>\nVerwenden Sie den DV Blooming Essence wie einen Eyeliner &#8211; Direkt am Wimpernkranz.<br \/>\n2 x t\u00e4glich &#8211; Morgens &#038; Abends nach der Reinigung auftragen.<\/p>\n<p>Vor Gebrauch gut sch\u00fctteln.<\/p>\n<p>\u00a0<\/p>\n","protected":false},"excerpt":{"rendered":"<p>Unterst\u00fctzt das Wachstum und die Regeneration der nat\u00fcrlichen Wimpern.<\/p>\n<p>Inhalt: 7 ml<\/p>\n","protected":false},"featured_media":3482,"comment_status":"closed","ping_status":"closed","template":"","meta":[],"product_cat":[92],"product_tag":[],"yoast_head":"<!-- This site is optimized with the Yoast SEO plugin v19.10 - https:\/\/yoast.com\/wordpress\/plugins\/seo\/ -->\n<title>DV Blooming Essence Wimpernserum - WOMANS-SECRET-SHOP.COM<\/title>\n<meta name=\"robots\" content=\"index, follow, max-snippet:-1, max-image-preview:large, max-video-preview:-1\" \/>\n<link rel=\"canonical\" href=\"https:\/\/www.womans-secret-shop.com\/shop\/produkt\/wimpernpflege\/dv-blooming-essence-wimpernserum\/\" \/>\n<meta property=\"og:locale\" content=\"de_DE\" \/>\n<meta property=\"og:type\" content=\"article\" \/>\n<meta property=\"og:title\" content=\"DV Blooming Essence Wimpernserum - WOMANS-SECRET-SHOP.COM\" \/>\n<meta property=\"og:description\" content=\"Unterst\u00fctzt das Wachstum und die Regeneration der nat\u00fcrlichen Wimpern.  Inhalt: 7 ml\" \/>\n<meta property=\"og:url\" content=\"https:\/\/www.womans-secret-shop.com\/shop\/produkt\/wimpernpflege\/dv-blooming-essence-wimpernserum\/\" \/>\n<meta property=\"og:site_name\" content=\"WOMANS-SECRET-SHOP.COM\" \/>\n<meta property=\"article:publisher\" content=\"https:\/\/www.facebook.com\/wsbyalicjakesik\/\" \/>\n<meta property=\"article:modified_time\" content=\"2025-08-08T12:00:02+00:00\" \/>\n<meta property=\"og:image\" content=\"https:\/\/www.womans-secret-shop.com\/shop\/wp-content\/uploads\/2021\/09\/blooming.jpg\" \/>\n\t<meta property=\"og:image:width\" content=\"800\" \/>\n\t<meta property=\"og:image:height\" content=\"1067\" \/>\n\t<meta property=\"og:image:type\" content=\"image\/jpeg\" \/>\n<meta name=\"twitter:card\" content=\"summary_large_image\" \/>\n<script type=\"application\/ld+json\" class=\"yoast-schema-graph\">{\"@context\":\"https:\/\/schema.org\",\"@graph\":[{\"@type\":\"WebPage\",\"@id\":\"https:\/\/www.womans-secret-shop.com\/shop\/produkt\/wimpernpflege\/dv-blooming-essence-wimpernserum\/\",\"url\":\"https:\/\/www.womans-secret-shop.com\/shop\/produkt\/wimpernpflege\/dv-blooming-essence-wimpernserum\/\",\"name\":\"DV Blooming Essence Wimpernserum - WOMANS-SECRET-SHOP.COM\",\"isPartOf\":{\"@id\":\"https:\/\/www.womans-secret-shop.com\/shop\/#website\"},\"datePublished\":\"2018-02-23T23:24:02+00:00\",\"dateModified\":\"2025-08-08T12:00:02+00:00\",\"breadcrumb\":{\"@id\":\"https:\/\/www.womans-secret-shop.com\/shop\/produkt\/wimpernpflege\/dv-blooming-essence-wimpernserum\/#breadcrumb\"},\"inLanguage\":\"de\",\"potentialAction\":[{\"@type\":\"ReadAction\",\"target\":[\"https:\/\/www.womans-secret-shop.com\/shop\/produkt\/wimpernpflege\/dv-blooming-essence-wimpernserum\/\"]}]},{\"@type\":\"BreadcrumbList\",\"@id\":\"https:\/\/www.womans-secret-shop.com\/shop\/produkt\/wimpernpflege\/dv-blooming-essence-wimpernserum\/#breadcrumb\",\"itemListElement\":[{\"@type\":\"ListItem\",\"position\":1,\"name\":\"Startseite\",\"item\":\"https:\/\/www.womans-secret-shop.com\/shop\/\"},{\"@type\":\"ListItem\",\"position\":2,\"name\":\"ALLE PRODUKTE\",\"item\":\"https:\/\/www.womans-secret-shop.com\/shop\/alle-produkte\/\"},{\"@type\":\"ListItem\",\"position\":3,\"name\":\"DV Blooming Essence Wimpernserum\"}]},{\"@type\":\"WebSite\",\"@id\":\"https:\/\/www.womans-secret-shop.com\/shop\/#website\",\"url\":\"https:\/\/www.womans-secret-shop.com\/shop\/\",\"name\":\"WOMANS-SECRET-SHOP.COM\",\"description\":\"Wimpern und Zubeh\u00f6r online kaufen!\",\"potentialAction\":[{\"@type\":\"SearchAction\",\"target\":{\"@type\":\"EntryPoint\",\"urlTemplate\":\"https:\/\/www.womans-secret-shop.com\/shop\/?s={search_term_string}\"},\"query-input\":\"required name=search_term_string\"}],\"inLanguage\":\"de\"}]}<\/script>\n<!-- \/ Yoast SEO plugin. -->","yoast_head_json":{"title":"DV Blooming Essence Wimpernserum - WOMANS-SECRET-SHOP.COM","robots":{"index":"index","follow":"follow","max-snippet":"max-snippet:-1","max-image-preview":"max-image-preview:large","max-video-preview":"max-video-preview:-1"},"canonical":"https:\/\/www.womans-secret-shop.com\/shop\/produkt\/wimpernpflege\/dv-blooming-essence-wimpernserum\/","og_locale":"de_DE","og_type":"article","og_title":"DV Blooming Essence Wimpernserum - WOMANS-SECRET-SHOP.COM","og_description":"Unterst\u00fctzt das Wachstum und die Regeneration der nat\u00fcrlichen Wimpern.  Inhalt: 7 ml","og_url":"https:\/\/www.womans-secret-shop.com\/shop\/produkt\/wimpernpflege\/dv-blooming-essence-wimpernserum\/","og_site_name":"WOMANS-SECRET-SHOP.COM","article_publisher":"https:\/\/www.facebook.com\/wsbyalicjakesik\/","article_modified_time":"2025-08-08T12:00:02+00:00","og_image":[{"width":800,"height":1067,"url":"https:\/\/www.womans-secret-shop.com\/shop\/wp-content\/uploads\/2021\/09\/blooming.jpg","type":"image\/jpeg"}],"twitter_card":"summary_large_image","schema":{"@context":"https:\/\/schema.org","@graph":[{"@type":"WebPage","@id":"https:\/\/www.womans-secret-shop.com\/shop\/produkt\/wimpernpflege\/dv-blooming-essence-wimpernserum\/","url":"https:\/\/www.womans-secret-shop.com\/shop\/produkt\/wimpernpflege\/dv-blooming-essence-wimpernserum\/","name":"DV Blooming Essence Wimpernserum - WOMANS-SECRET-SHOP.COM","isPartOf":{"@id":"https:\/\/www.womans-secret-shop.com\/shop\/#website"},"datePublished":"2018-02-23T23:24:02+00:00","dateModified":"2025-08-08T12:00:02+00:00","breadcrumb":{"@id":"https:\/\/www.womans-secret-shop.com\/shop\/produkt\/wimpernpflege\/dv-blooming-essence-wimpernserum\/#breadcrumb"},"inLanguage":"de","potentialAction":[{"@type":"ReadAction","target":["https:\/\/www.womans-secret-shop.com\/shop\/produkt\/wimpernpflege\/dv-blooming-essence-wimpernserum\/"]}]},{"@type":"BreadcrumbList","@id":"https:\/\/www.womans-secret-shop.com\/shop\/produkt\/wimpernpflege\/dv-blooming-essence-wimpernserum\/#breadcrumb","itemListElement":[{"@type":"ListItem","position":1,"name":"Startseite","item":"https:\/\/www.womans-secret-shop.com\/shop\/"},{"@type":"ListItem","position":2,"name":"ALLE PRODUKTE","item":"https:\/\/www.womans-secret-shop.com\/shop\/alle-produkte\/"},{"@type":"ListItem","position":3,"name":"DV Blooming Essence Wimpernserum"}]},{"@type":"WebSite","@id":"https:\/\/www.womans-secret-shop.com\/shop\/#website","url":"https:\/\/www.womans-secret-shop.com\/shop\/","name":"WOMANS-SECRET-SHOP.COM","description":"Wimpern und Zubeh\u00f6r online kaufen!","potentialAction":[{"@type":"SearchAction","target":{"@type":"EntryPoint","urlTemplate":"https:\/\/www.womans-secret-shop.com\/shop\/?s={search_term_string}"},"query-input":"required name=search_term_string"}],"inLanguage":"de"}]}},"_links":{"self":[{"href":"https:\/\/www.womans-secret-shop.com\/shop\/wp-json\/wp\/v2\/product\/3481"}],"collection":[{"href":"https:\/\/www.womans-secret-shop.com\/shop\/wp-json\/wp\/v2\/product"}],"about":[{"href":"https:\/\/www.womans-secret-shop.com\/shop\/wp-json\/wp\/v2\/types\/product"}],"replies":[{"embeddable":true,"href":"https:\/\/www.womans-secret-shop.com\/shop\/wp-json\/wp\/v2\/comments?post=3481"}],"wp:featuredmedia":[{"embeddable":true,"href":"https:\/\/www.womans-secret-shop.com\/shop\/wp-json\/wp\/v2\/media\/3482"}],"wp:attachment":[{"href":"https:\/\/www.womans-secret-shop.com\/shop\/wp-json\/wp\/v2\/media?parent=3481"}],"wp:term":[{"taxonomy":"product_cat","embeddable":true,"href":"https:\/\/www.womans-secret-shop.com\/shop\/wp-json\/wp\/v2\/product_cat?post=3481"},{"taxonomy":"product_tag","embeddable":true,"href":"https:\/\/www.womans-secret-shop.com\/shop\/wp-json\/wp\/v2\/product_tag?post=3481"}],"curies":[{"name":"wp","href":"https:\/\/api.w.org\/{rel}","templated":true}]}}