{"id":3467,"date":"2018-02-18T23:36:58","date_gmt":"2018-02-18T22:36:58","guid":{"rendered":"http:\/\/www.womans-secret-shop.com\/shop\/?post_type=product&#038;p=3467"},"modified":"2025-05-13T21:23:41","modified_gmt":"2025-05-13T19:23:41","slug":"cleanser-mit-vitamin-c-40ml","status":"publish","type":"product","link":"https:\/\/www.womans-secret-shop.com\/shop\/produkt\/arbeitsmaterial\/fluessigkeiten\/cleanser\/cleanser-mit-vitamin-c-40ml\/","title":{"rendered":"Cleanser mit Vitamin C 40ml"},"content":{"rendered":"<p>Premium Eyelash Cleanser mit Vitamin C<\/p>\n<p>&#8211;\u00a0Spray Type &#8211;<\/p>\n<p>Inhalt:\u00a0 40 ml<\/p>\n<p>Zur sanften Reinigung der Wimpern vor der Behandlung.<\/p>\n<ul>\n<li>Vitamin C zur St\u00e4rkung der eigenen, nat\u00fcrlichen Wimpern<\/li>\n<li>Spr\u00fchflasche f\u00fcr eine hygienisch saubere Arbeit<\/li>\n<li>Der Cleanser ist frei von \u00d6len<\/li>\n<li>Er wirkt sich positiv auf\u00a0die Haltbarkeit der Wimpern aus<\/li>\n<li>Der Kleber trocknet durch den Cleanser schneller<\/li>\n<li>Die Wimpern werden von Protein-, Schmutz- und Kosmetikr\u00fcckst\u00e4nden gereinigt<\/li>\n<li>Reinigt und Entfettet<\/li>\n<li>Hautvertr\u00e4glich<\/li>\n<li>Auch f\u00fcr Refills geeignet<\/li>\n<\/ul>\n<p>Gebrauchsanweisung:<\/p>\n<p>Nehmen Sie eine fusselfreie Mikrob\u00fcrste und tragen Sie den Cleanser d\u00fcnn auf die Wimpern auf.<br \/>\nSie k\u00f6nnen direkt mit der Applikation beginnen.\u00a0Anwendung nur am geschlossenen Auge.<\/p>\n","protected":false},"excerpt":{"rendered":"<p>Inhalt:\u00a0 40 ml<\/p>\n<ul>\n<li>Vitamin C zur St\u00e4rkung der Wimpern<\/li>\n<li>Als Spr\u00fchflasche<\/li>\n<li>\u00d6lfrei<\/li>\n<li>L\u00e4ngere Haltbarkeit der Wimpernverl\u00e4ngerung<\/li>\n<li>Schnellere Trocknung des Klebers<\/li>\n<li>Reinigung von Protein-, Schmutz- und Kosmetikr\u00fcckst\u00e4nden<\/li>\n<li>Auch f\u00fcr Refills\/Auff\u00fcllungen geeignet<\/li>\n<\/ul>\n","protected":false},"featured_media":3468,"comment_status":"closed","ping_status":"closed","template":"","meta":[],"product_cat":[78,79],"product_tag":[],"yoast_head":"<!-- This site is optimized with the Yoast SEO plugin v19.10 - https:\/\/yoast.com\/wordpress\/plugins\/seo\/ -->\n<title>Cleanser mit Vitamin C 40ml - WOMANS-SECRET-SHOP.COM<\/title>\n<meta name=\"robots\" content=\"index, follow, max-snippet:-1, max-image-preview:large, max-video-preview:-1\" \/>\n<link rel=\"canonical\" href=\"https:\/\/www.womans-secret-shop.com\/shop\/produkt\/arbeitsmaterial\/fluessigkeiten\/cleanser\/cleanser-mit-vitamin-c-40ml\/\" \/>\n<meta property=\"og:locale\" content=\"de_DE\" \/>\n<meta property=\"og:type\" content=\"article\" \/>\n<meta property=\"og:title\" content=\"Cleanser mit Vitamin C 40ml - WOMANS-SECRET-SHOP.COM\" \/>\n<meta property=\"og:description\" content=\"Inhalt:\u00a0 40 ml   Vitamin C zur St\u00e4rkung der Wimpern  Als Spr\u00fchflasche  \u00d6lfrei  L\u00e4ngere Haltbarkeit der Wimpernverl\u00e4ngerung  Schnellere Trocknung des Klebers  Reinigung von Protein-, Schmutz- und Kosmetikr\u00fcckst\u00e4nden  Auch f\u00fcr Refills\/Auff\u00fcllungen geeignet\" \/>\n<meta property=\"og:url\" content=\"https:\/\/www.womans-secret-shop.com\/shop\/produkt\/arbeitsmaterial\/fluessigkeiten\/cleanser\/cleanser-mit-vitamin-c-40ml\/\" \/>\n<meta property=\"og:site_name\" content=\"WOMANS-SECRET-SHOP.COM\" \/>\n<meta property=\"article:publisher\" content=\"https:\/\/www.facebook.com\/wsbyalicjakesik\/\" \/>\n<meta property=\"article:modified_time\" content=\"2025-05-13T19:23:41+00:00\" \/>\n<meta property=\"og:image\" content=\"https:\/\/www.womans-secret-shop.com\/shop\/wp-content\/uploads\/2021\/09\/witc.jpg\" \/>\n\t<meta property=\"og:image:width\" content=\"800\" \/>\n\t<meta property=\"og:image:height\" content=\"1175\" \/>\n\t<meta property=\"og:image:type\" content=\"image\/jpeg\" \/>\n<meta name=\"twitter:card\" content=\"summary_large_image\" \/>\n<meta name=\"twitter:label1\" content=\"Gesch\u00e4tzte Lesezeit\" \/>\n\t<meta name=\"twitter:data1\" content=\"1\u00a0Minute\" \/>\n<script type=\"application\/ld+json\" class=\"yoast-schema-graph\">{\"@context\":\"https:\/\/schema.org\",\"@graph\":[{\"@type\":\"WebPage\",\"@id\":\"https:\/\/www.womans-secret-shop.com\/shop\/produkt\/arbeitsmaterial\/fluessigkeiten\/cleanser\/cleanser-mit-vitamin-c-40ml\/\",\"url\":\"https:\/\/www.womans-secret-shop.com\/shop\/produkt\/arbeitsmaterial\/fluessigkeiten\/cleanser\/cleanser-mit-vitamin-c-40ml\/\",\"name\":\"Cleanser mit Vitamin C 40ml - WOMANS-SECRET-SHOP.COM\",\"isPartOf\":{\"@id\":\"https:\/\/www.womans-secret-shop.com\/shop\/#website\"},\"datePublished\":\"2018-02-18T22:36:58+00:00\",\"dateModified\":\"2025-05-13T19:23:41+00:00\",\"breadcrumb\":{\"@id\":\"https:\/\/www.womans-secret-shop.com\/shop\/produkt\/arbeitsmaterial\/fluessigkeiten\/cleanser\/cleanser-mit-vitamin-c-40ml\/#breadcrumb\"},\"inLanguage\":\"de\",\"potentialAction\":[{\"@type\":\"ReadAction\",\"target\":[\"https:\/\/www.womans-secret-shop.com\/shop\/produkt\/arbeitsmaterial\/fluessigkeiten\/cleanser\/cleanser-mit-vitamin-c-40ml\/\"]}]},{\"@type\":\"BreadcrumbList\",\"@id\":\"https:\/\/www.womans-secret-shop.com\/shop\/produkt\/arbeitsmaterial\/fluessigkeiten\/cleanser\/cleanser-mit-vitamin-c-40ml\/#breadcrumb\",\"itemListElement\":[{\"@type\":\"ListItem\",\"position\":1,\"name\":\"Startseite\",\"item\":\"https:\/\/www.womans-secret-shop.com\/shop\/\"},{\"@type\":\"ListItem\",\"position\":2,\"name\":\"ALLE PRODUKTE\",\"item\":\"https:\/\/www.womans-secret-shop.com\/shop\/alle-produkte\/\"},{\"@type\":\"ListItem\",\"position\":3,\"name\":\"Cleanser mit Vitamin C 40ml\"}]},{\"@type\":\"WebSite\",\"@id\":\"https:\/\/www.womans-secret-shop.com\/shop\/#website\",\"url\":\"https:\/\/www.womans-secret-shop.com\/shop\/\",\"name\":\"WOMANS-SECRET-SHOP.COM\",\"description\":\"Wimpern und Zubeh\u00f6r online kaufen!\",\"potentialAction\":[{\"@type\":\"SearchAction\",\"target\":{\"@type\":\"EntryPoint\",\"urlTemplate\":\"https:\/\/www.womans-secret-shop.com\/shop\/?s={search_term_string}\"},\"query-input\":\"required name=search_term_string\"}],\"inLanguage\":\"de\"}]}<\/script>\n<!-- \/ Yoast SEO plugin. -->","yoast_head_json":{"title":"Cleanser mit Vitamin C 40ml - WOMANS-SECRET-SHOP.COM","robots":{"index":"index","follow":"follow","max-snippet":"max-snippet:-1","max-image-preview":"max-image-preview:large","max-video-preview":"max-video-preview:-1"},"canonical":"https:\/\/www.womans-secret-shop.com\/shop\/produkt\/arbeitsmaterial\/fluessigkeiten\/cleanser\/cleanser-mit-vitamin-c-40ml\/","og_locale":"de_DE","og_type":"article","og_title":"Cleanser mit Vitamin C 40ml - WOMANS-SECRET-SHOP.COM","og_description":"Inhalt:\u00a0 40 ml   Vitamin C zur St\u00e4rkung der Wimpern  Als Spr\u00fchflasche  \u00d6lfrei  L\u00e4ngere Haltbarkeit der Wimpernverl\u00e4ngerung  Schnellere Trocknung des Klebers  Reinigung von Protein-, Schmutz- und Kosmetikr\u00fcckst\u00e4nden  Auch f\u00fcr Refills\/Auff\u00fcllungen geeignet","og_url":"https:\/\/www.womans-secret-shop.com\/shop\/produkt\/arbeitsmaterial\/fluessigkeiten\/cleanser\/cleanser-mit-vitamin-c-40ml\/","og_site_name":"WOMANS-SECRET-SHOP.COM","article_publisher":"https:\/\/www.facebook.com\/wsbyalicjakesik\/","article_modified_time":"2025-05-13T19:23:41+00:00","og_image":[{"width":800,"height":1175,"url":"https:\/\/www.womans-secret-shop.com\/shop\/wp-content\/uploads\/2021\/09\/witc.jpg","type":"image\/jpeg"}],"twitter_card":"summary_large_image","twitter_misc":{"Gesch\u00e4tzte Lesezeit":"1\u00a0Minute"},"schema":{"@context":"https:\/\/schema.org","@graph":[{"@type":"WebPage","@id":"https:\/\/www.womans-secret-shop.com\/shop\/produkt\/arbeitsmaterial\/fluessigkeiten\/cleanser\/cleanser-mit-vitamin-c-40ml\/","url":"https:\/\/www.womans-secret-shop.com\/shop\/produkt\/arbeitsmaterial\/fluessigkeiten\/cleanser\/cleanser-mit-vitamin-c-40ml\/","name":"Cleanser mit Vitamin C 40ml - WOMANS-SECRET-SHOP.COM","isPartOf":{"@id":"https:\/\/www.womans-secret-shop.com\/shop\/#website"},"datePublished":"2018-02-18T22:36:58+00:00","dateModified":"2025-05-13T19:23:41+00:00","breadcrumb":{"@id":"https:\/\/www.womans-secret-shop.com\/shop\/produkt\/arbeitsmaterial\/fluessigkeiten\/cleanser\/cleanser-mit-vitamin-c-40ml\/#breadcrumb"},"inLanguage":"de","potentialAction":[{"@type":"ReadAction","target":["https:\/\/www.womans-secret-shop.com\/shop\/produkt\/arbeitsmaterial\/fluessigkeiten\/cleanser\/cleanser-mit-vitamin-c-40ml\/"]}]},{"@type":"BreadcrumbList","@id":"https:\/\/www.womans-secret-shop.com\/shop\/produkt\/arbeitsmaterial\/fluessigkeiten\/cleanser\/cleanser-mit-vitamin-c-40ml\/#breadcrumb","itemListElement":[{"@type":"ListItem","position":1,"name":"Startseite","item":"https:\/\/www.womans-secret-shop.com\/shop\/"},{"@type":"ListItem","position":2,"name":"ALLE PRODUKTE","item":"https:\/\/www.womans-secret-shop.com\/shop\/alle-produkte\/"},{"@type":"ListItem","position":3,"name":"Cleanser mit Vitamin C 40ml"}]},{"@type":"WebSite","@id":"https:\/\/www.womans-secret-shop.com\/shop\/#website","url":"https:\/\/www.womans-secret-shop.com\/shop\/","name":"WOMANS-SECRET-SHOP.COM","description":"Wimpern und Zubeh\u00f6r online kaufen!","potentialAction":[{"@type":"SearchAction","target":{"@type":"EntryPoint","urlTemplate":"https:\/\/www.womans-secret-shop.com\/shop\/?s={search_term_string}"},"query-input":"required name=search_term_string"}],"inLanguage":"de"}]}},"_links":{"self":[{"href":"https:\/\/www.womans-secret-shop.com\/shop\/wp-json\/wp\/v2\/product\/3467"}],"collection":[{"href":"https:\/\/www.womans-secret-shop.com\/shop\/wp-json\/wp\/v2\/product"}],"about":[{"href":"https:\/\/www.womans-secret-shop.com\/shop\/wp-json\/wp\/v2\/types\/product"}],"replies":[{"embeddable":true,"href":"https:\/\/www.womans-secret-shop.com\/shop\/wp-json\/wp\/v2\/comments?post=3467"}],"wp:featuredmedia":[{"embeddable":true,"href":"https:\/\/www.womans-secret-shop.com\/shop\/wp-json\/wp\/v2\/media\/3468"}],"wp:attachment":[{"href":"https:\/\/www.womans-secret-shop.com\/shop\/wp-json\/wp\/v2\/media?parent=3467"}],"wp:term":[{"taxonomy":"product_cat","embeddable":true,"href":"https:\/\/www.womans-secret-shop.com\/shop\/wp-json\/wp\/v2\/product_cat?post=3467"},{"taxonomy":"product_tag","embeddable":true,"href":"https:\/\/www.womans-secret-shop.com\/shop\/wp-json\/wp\/v2\/product_tag?post=3467"}],"curies":[{"name":"wp","href":"https:\/\/api.w.org\/{rel}","templated":true}]}}