{"id":3329,"date":"2017-12-30T00:33:03","date_gmt":"2017-12-29T23:33:03","guid":{"rendered":"http:\/\/www.womans-secret-shop.com\/shop\/?post_type=product&#038;p=3329"},"modified":"2021-11-24T23:04:45","modified_gmt":"2021-11-24T22:04:45","slug":"lint-free-applicator-25stk","status":"publish","type":"product","link":"https:\/\/www.womans-secret-shop.com\/shop\/produkt\/arbeitsmaterial\/reinigungsstaebchen\/lint-free-applicator-25stk\/","title":{"rendered":"Lint Free Applicator 25 Stk."},"content":{"rendered":"<p>Lint Free Applicator \u2013 F\u00fcr die punktgenau Arbeit in der Wimpernbranche.<\/p>\n<p>Gebrauchsanweisung:<br \/>\nNehmen Sie eine Microb\u00fcrste und tragen Sie die gew\u00fcnschte Fl\u00fcssigkeit auf.<br \/>\nOb Primer, Cleanser, Speed Up Solution oder Remover \u2013 Die Microb\u00fcrste ist f\u00fcr alle Fl\u00fcssigkeiten ideal.<br \/>\nDurch die feine und fusselfreie Spitze, k\u00f6nnen Sie sehr genau arbeiten.<br \/>\nGehen Sie dann auf die gew\u00fcnschte Stelle. Durch tupfen oder feines reiben k\u00f6nnen Sie sogar kleinste Reste entfernen.<\/p>\n<p>Inhalt:\u00a0 25 St\u00fcck<\/p>\n","protected":false},"excerpt":{"rendered":"<p>Lint Free Applicator \u2013 F\u00fcr die punktgenau Arbeit in der Wimpernbranche. Gebrauchsanweisung: Nehmen Sie eine Microb\u00fcrste und tragen Sie die gew\u00fcnschte Fl\u00fcssigkeit auf. Ob Primer, Cleanser, Speed Up Solution oder Remover \u2013 Die Microb\u00fcrste ist f\u00fcr alle Fl\u00fcssigkeiten ideal. Durch die feine und fusselfreie Spitze, k\u00f6nnen Sie sehr genau arbeiten. Gehen Sie dann auf die [&hellip;]<\/p>\n","protected":false},"featured_media":3442,"comment_status":"closed","ping_status":"closed","template":"","meta":[],"product_cat":[86,135],"product_tag":[],"yoast_head":"<!-- This site is optimized with the Yoast SEO plugin v19.10 - https:\/\/yoast.com\/wordpress\/plugins\/seo\/ -->\n<title>Lint Free Applicator 25 Stk. - WOMANS-SECRET-SHOP.COM<\/title>\n<meta name=\"robots\" content=\"index, follow, max-snippet:-1, max-image-preview:large, max-video-preview:-1\" \/>\n<link rel=\"canonical\" href=\"https:\/\/www.womans-secret-shop.com\/shop\/produkt\/arbeitsmaterial\/reinigungsstaebchen\/lint-free-applicator-25stk\/\" \/>\n<meta property=\"og:locale\" content=\"de_DE\" \/>\n<meta property=\"og:type\" content=\"article\" \/>\n<meta property=\"og:title\" content=\"Lint Free Applicator 25 Stk. - WOMANS-SECRET-SHOP.COM\" \/>\n<meta property=\"og:description\" content=\"Lint Free Applicator \u2013 F\u00fcr die punktgenau Arbeit in der Wimpernbranche. Gebrauchsanweisung: Nehmen Sie eine Microb\u00fcrste und tragen Sie die gew\u00fcnschte Fl\u00fcssigkeit auf. Ob Primer, Cleanser, Speed Up Solution oder Remover \u2013 Die Microb\u00fcrste ist f\u00fcr alle Fl\u00fcssigkeiten ideal. Durch die feine und fusselfreie Spitze, k\u00f6nnen Sie sehr genau arbeiten. Gehen Sie dann auf die [&hellip;]\" \/>\n<meta property=\"og:url\" content=\"https:\/\/www.womans-secret-shop.com\/shop\/produkt\/arbeitsmaterial\/reinigungsstaebchen\/lint-free-applicator-25stk\/\" \/>\n<meta property=\"og:site_name\" content=\"WOMANS-SECRET-SHOP.COM\" \/>\n<meta property=\"article:publisher\" content=\"https:\/\/www.facebook.com\/wsbyalicjakesik\/\" \/>\n<meta property=\"article:modified_time\" content=\"2021-11-24T22:04:45+00:00\" \/>\n<meta property=\"og:image\" content=\"https:\/\/www.womans-secret-shop.com\/shop\/wp-content\/uploads\/2021\/09\/free-main.jpg\" \/>\n\t<meta property=\"og:image:width\" content=\"240\" \/>\n\t<meta property=\"og:image:height\" content=\"400\" \/>\n\t<meta property=\"og:image:type\" content=\"image\/jpeg\" \/>\n<meta name=\"twitter:card\" content=\"summary_large_image\" \/>\n<script type=\"application\/ld+json\" class=\"yoast-schema-graph\">{\"@context\":\"https:\/\/schema.org\",\"@graph\":[{\"@type\":\"WebPage\",\"@id\":\"https:\/\/www.womans-secret-shop.com\/shop\/produkt\/arbeitsmaterial\/reinigungsstaebchen\/lint-free-applicator-25stk\/\",\"url\":\"https:\/\/www.womans-secret-shop.com\/shop\/produkt\/arbeitsmaterial\/reinigungsstaebchen\/lint-free-applicator-25stk\/\",\"name\":\"Lint Free Applicator 25 Stk. - WOMANS-SECRET-SHOP.COM\",\"isPartOf\":{\"@id\":\"https:\/\/www.womans-secret-shop.com\/shop\/#website\"},\"datePublished\":\"2017-12-29T23:33:03+00:00\",\"dateModified\":\"2021-11-24T22:04:45+00:00\",\"breadcrumb\":{\"@id\":\"https:\/\/www.womans-secret-shop.com\/shop\/produkt\/arbeitsmaterial\/reinigungsstaebchen\/lint-free-applicator-25stk\/#breadcrumb\"},\"inLanguage\":\"de\",\"potentialAction\":[{\"@type\":\"ReadAction\",\"target\":[\"https:\/\/www.womans-secret-shop.com\/shop\/produkt\/arbeitsmaterial\/reinigungsstaebchen\/lint-free-applicator-25stk\/\"]}]},{\"@type\":\"BreadcrumbList\",\"@id\":\"https:\/\/www.womans-secret-shop.com\/shop\/produkt\/arbeitsmaterial\/reinigungsstaebchen\/lint-free-applicator-25stk\/#breadcrumb\",\"itemListElement\":[{\"@type\":\"ListItem\",\"position\":1,\"name\":\"Startseite\",\"item\":\"https:\/\/www.womans-secret-shop.com\/shop\/\"},{\"@type\":\"ListItem\",\"position\":2,\"name\":\"ALLE PRODUKTE\",\"item\":\"https:\/\/www.womans-secret-shop.com\/shop\/alle-produkte\/\"},{\"@type\":\"ListItem\",\"position\":3,\"name\":\"Lint Free Applicator 25 Stk.\"}]},{\"@type\":\"WebSite\",\"@id\":\"https:\/\/www.womans-secret-shop.com\/shop\/#website\",\"url\":\"https:\/\/www.womans-secret-shop.com\/shop\/\",\"name\":\"WOMANS-SECRET-SHOP.COM\",\"description\":\"Wimpern und Zubeh\u00f6r online kaufen!\",\"potentialAction\":[{\"@type\":\"SearchAction\",\"target\":{\"@type\":\"EntryPoint\",\"urlTemplate\":\"https:\/\/www.womans-secret-shop.com\/shop\/?s={search_term_string}\"},\"query-input\":\"required name=search_term_string\"}],\"inLanguage\":\"de\"}]}<\/script>\n<!-- \/ Yoast SEO plugin. -->","yoast_head_json":{"title":"Lint Free Applicator 25 Stk. - WOMANS-SECRET-SHOP.COM","robots":{"index":"index","follow":"follow","max-snippet":"max-snippet:-1","max-image-preview":"max-image-preview:large","max-video-preview":"max-video-preview:-1"},"canonical":"https:\/\/www.womans-secret-shop.com\/shop\/produkt\/arbeitsmaterial\/reinigungsstaebchen\/lint-free-applicator-25stk\/","og_locale":"de_DE","og_type":"article","og_title":"Lint Free Applicator 25 Stk. - WOMANS-SECRET-SHOP.COM","og_description":"Lint Free Applicator \u2013 F\u00fcr die punktgenau Arbeit in der Wimpernbranche. Gebrauchsanweisung: Nehmen Sie eine Microb\u00fcrste und tragen Sie die gew\u00fcnschte Fl\u00fcssigkeit auf. Ob Primer, Cleanser, Speed Up Solution oder Remover \u2013 Die Microb\u00fcrste ist f\u00fcr alle Fl\u00fcssigkeiten ideal. Durch die feine und fusselfreie Spitze, k\u00f6nnen Sie sehr genau arbeiten. Gehen Sie dann auf die [&hellip;]","og_url":"https:\/\/www.womans-secret-shop.com\/shop\/produkt\/arbeitsmaterial\/reinigungsstaebchen\/lint-free-applicator-25stk\/","og_site_name":"WOMANS-SECRET-SHOP.COM","article_publisher":"https:\/\/www.facebook.com\/wsbyalicjakesik\/","article_modified_time":"2021-11-24T22:04:45+00:00","og_image":[{"width":240,"height":400,"url":"https:\/\/www.womans-secret-shop.com\/shop\/wp-content\/uploads\/2021\/09\/free-main.jpg","type":"image\/jpeg"}],"twitter_card":"summary_large_image","schema":{"@context":"https:\/\/schema.org","@graph":[{"@type":"WebPage","@id":"https:\/\/www.womans-secret-shop.com\/shop\/produkt\/arbeitsmaterial\/reinigungsstaebchen\/lint-free-applicator-25stk\/","url":"https:\/\/www.womans-secret-shop.com\/shop\/produkt\/arbeitsmaterial\/reinigungsstaebchen\/lint-free-applicator-25stk\/","name":"Lint Free Applicator 25 Stk. - WOMANS-SECRET-SHOP.COM","isPartOf":{"@id":"https:\/\/www.womans-secret-shop.com\/shop\/#website"},"datePublished":"2017-12-29T23:33:03+00:00","dateModified":"2021-11-24T22:04:45+00:00","breadcrumb":{"@id":"https:\/\/www.womans-secret-shop.com\/shop\/produkt\/arbeitsmaterial\/reinigungsstaebchen\/lint-free-applicator-25stk\/#breadcrumb"},"inLanguage":"de","potentialAction":[{"@type":"ReadAction","target":["https:\/\/www.womans-secret-shop.com\/shop\/produkt\/arbeitsmaterial\/reinigungsstaebchen\/lint-free-applicator-25stk\/"]}]},{"@type":"BreadcrumbList","@id":"https:\/\/www.womans-secret-shop.com\/shop\/produkt\/arbeitsmaterial\/reinigungsstaebchen\/lint-free-applicator-25stk\/#breadcrumb","itemListElement":[{"@type":"ListItem","position":1,"name":"Startseite","item":"https:\/\/www.womans-secret-shop.com\/shop\/"},{"@type":"ListItem","position":2,"name":"ALLE PRODUKTE","item":"https:\/\/www.womans-secret-shop.com\/shop\/alle-produkte\/"},{"@type":"ListItem","position":3,"name":"Lint Free Applicator 25 Stk."}]},{"@type":"WebSite","@id":"https:\/\/www.womans-secret-shop.com\/shop\/#website","url":"https:\/\/www.womans-secret-shop.com\/shop\/","name":"WOMANS-SECRET-SHOP.COM","description":"Wimpern und Zubeh\u00f6r online kaufen!","potentialAction":[{"@type":"SearchAction","target":{"@type":"EntryPoint","urlTemplate":"https:\/\/www.womans-secret-shop.com\/shop\/?s={search_term_string}"},"query-input":"required name=search_term_string"}],"inLanguage":"de"}]}},"_links":{"self":[{"href":"https:\/\/www.womans-secret-shop.com\/shop\/wp-json\/wp\/v2\/product\/3329"}],"collection":[{"href":"https:\/\/www.womans-secret-shop.com\/shop\/wp-json\/wp\/v2\/product"}],"about":[{"href":"https:\/\/www.womans-secret-shop.com\/shop\/wp-json\/wp\/v2\/types\/product"}],"replies":[{"embeddable":true,"href":"https:\/\/www.womans-secret-shop.com\/shop\/wp-json\/wp\/v2\/comments?post=3329"}],"wp:featuredmedia":[{"embeddable":true,"href":"https:\/\/www.womans-secret-shop.com\/shop\/wp-json\/wp\/v2\/media\/3442"}],"wp:attachment":[{"href":"https:\/\/www.womans-secret-shop.com\/shop\/wp-json\/wp\/v2\/media?parent=3329"}],"wp:term":[{"taxonomy":"product_cat","embeddable":true,"href":"https:\/\/www.womans-secret-shop.com\/shop\/wp-json\/wp\/v2\/product_cat?post=3329"},{"taxonomy":"product_tag","embeddable":true,"href":"https:\/\/www.womans-secret-shop.com\/shop\/wp-json\/wp\/v2\/product_tag?post=3329"}],"curies":[{"name":"wp","href":"https:\/\/api.w.org\/{rel}","templated":true}]}}