{"id":1702,"date":"2017-08-18T08:56:27","date_gmt":"2017-08-18T06:56:27","guid":{"rendered":"http:\/\/womans-secret.com\/?post_type=product&#038;p=1702"},"modified":"2023-07-29T15:18:16","modified_gmt":"2023-07-29T13:18:16","slug":"reinigungsschaum-fuer-wimpernverlaengerung-excellent-eyelash-foam-cleanser","status":"publish","type":"product","link":"https:\/\/www.womans-secret-shop.com\/shop\/produkt\/arbeitsmaterial\/fluessigkeiten\/sonstige\/reinigungsschaum-fuer-wimpernverlaengerung-excellent-eyelash-foam-cleanser\/","title":{"rendered":"Wimpernshampoo Eyelash Foam Cleanser"},"content":{"rendered":"<p><strong>Wimpernshampoo | Reinigungsschaum f\u00fcr\u00a0Wimpernverl\u00e4ngerungen<\/strong><\/p>\n<p>&#8211; f\u00fcr Wimpernstylistinnen &amp; deren Kundinnen &#8211;<\/p>\n<p>Unser Reinigungsschaum ist die ideale Erg\u00e4nzung zu Ihrer Wimpernverl\u00e4ngerung.<\/p>\n<p>Ob als Stylistin oder Kundin einer Wimpernverl\u00e4ngerung &#8211; unser Reinigungsschaum wurde extra f\u00fcr SIE konzipiert!<\/p>\n<p>Der sch\u00e4umende &amp; \u00f6lfreie Wimpernreiniger entfernt effektiv Schmutz und Make-up von Ihren Wimpern ohne der Wimpernverl\u00e4ngerung zu schaden.<\/p>\n<p><strong>Anwendung:<\/strong><\/p>\n<p>Reinigen Sie Ihre Wimpern mehrmals die Woche mit unserem Wimpernshampoo. Feuchten Sie vor der Anwendung unseren Reinigungspinsel an (Alternativ Finger). Nehmen Sie danach 1-2 H\u00fcbe auf unseren Reinigungspinsel bzw. Ihre Fingerspitze und shampoonieren Sie Ihre Wimpern ein.<br \/>\nDanach lassen Sie das Shampoo kurz einwirken und sp\u00fclen den Schaum gr\u00fcndlich mit Wasser ab.<br \/>\nDie sch\u00fctzt Sie nicht nur vor Infektionen, sondern entfettet Ihre Wimpern und reinigt diese.<\/p>\n<p><strong>Warum eigentlich ein Wimpernshampoo?<\/strong><\/p>\n<p>Ihre Wimpern sind wie normale Haare jeden Tag dem Staub und Schmutz aus der Luft ausgesetzt.<br \/>\nZudem sind die Wimpern daf\u00fcr da, Ihre Augen vor Schmutz aus der Luft zu sch\u00fctzen.<br \/>\nDiese Partikel setzen sich auf den Wimpern ab und m\u00fcssen gewaschen werden.<\/p>\n<p>Nicht selten finden Stylistinnen Kundinnen wieder, die \u00fcber mehrere Monate aus Angst vor der Haltbarkeit der Wimpern, diese nicht gewaschen haben.<br \/>\nEs ist ein Mythos, da gut geklebte Wimpern nach sp\u00e4testens 48 Stunden fest sind.<\/p>\n<p>Es ist nur wichtig, die Wimpern zu pflegen und vor Fetten und \u00d6len zu sch\u00fctzen.<br \/>\nDiese Bestandteile sind in unserem Shampoo nicht gegeben, sodass er sich hervorragend zum Reinigen der Wimpern eignet.<\/p>\n<p>Wimpernschaumreiniger am geschlossenen Auge verwenden.<\/p>\n<p>Erh\u00e4ltlich in 3 verschiedenen Gr\u00f6\u00dfen:<br \/>\n40 ml | 100 ml | 150 ml<\/p>\n<p>Farbe \u2013 Wei\u00df<\/p>\n<p>Reizungen \u2013 Keine<\/p>\n<p>* Parabenfrei<\/p>\n<p>** MENGENRABATT BEI MEHRABNAHME BITTE PER MAIL KONTAKTIEREN<\/p>\n<p>*** Wimpernb\u00fcrste im Preis nicht enthalten<\/p>\n","protected":false},"excerpt":{"rendered":"<p>Menge:\u00a040 ml | 100 ml | 150 ml<\/p>\n","protected":false},"featured_media":3037,"comment_status":"open","ping_status":"closed","template":"","meta":[],"product_cat":[92,130],"product_tag":[],"yoast_head":"<!-- This site is optimized with the Yoast SEO plugin v19.10 - https:\/\/yoast.com\/wordpress\/plugins\/seo\/ -->\n<title>Wimpernshampoo Eyelash Foam Cleanser - WOMANS-SECRET-SHOP.COM<\/title>\n<meta name=\"robots\" content=\"index, follow, max-snippet:-1, max-image-preview:large, max-video-preview:-1\" \/>\n<link rel=\"canonical\" href=\"https:\/\/www.womans-secret-shop.com\/shop\/produkt\/arbeitsmaterial\/fluessigkeiten\/sonstige\/reinigungsschaum-fuer-wimpernverlaengerung-excellent-eyelash-foam-cleanser\/\" \/>\n<meta property=\"og:locale\" content=\"de_DE\" \/>\n<meta property=\"og:type\" content=\"article\" \/>\n<meta property=\"og:title\" content=\"Wimpernshampoo Eyelash Foam Cleanser - WOMANS-SECRET-SHOP.COM\" \/>\n<meta property=\"og:description\" content=\"Menge:\u00a040 ml | 100 ml | 150 ml\" \/>\n<meta property=\"og:url\" content=\"https:\/\/www.womans-secret-shop.com\/shop\/produkt\/arbeitsmaterial\/fluessigkeiten\/sonstige\/reinigungsschaum-fuer-wimpernverlaengerung-excellent-eyelash-foam-cleanser\/\" \/>\n<meta property=\"og:site_name\" content=\"WOMANS-SECRET-SHOP.COM\" \/>\n<meta property=\"article:publisher\" content=\"https:\/\/www.facebook.com\/wsbyalicjakesik\/\" \/>\n<meta property=\"article:modified_time\" content=\"2023-07-29T13:18:16+00:00\" \/>\n<meta property=\"og:image\" content=\"https:\/\/www.womans-secret-shop.com\/shop\/wp-content\/uploads\/2021\/09\/0c50003832f947da78a968249d13034ee0_1oj62yzmhvnxru-kopie-10.jpg\" \/>\n\t<meta property=\"og:image:width\" content=\"800\" \/>\n\t<meta property=\"og:image:height\" content=\"1067\" \/>\n\t<meta property=\"og:image:type\" content=\"image\/jpeg\" \/>\n<meta name=\"twitter:card\" content=\"summary_large_image\" \/>\n<meta name=\"twitter:label1\" content=\"Gesch\u00e4tzte Lesezeit\" \/>\n\t<meta name=\"twitter:data1\" content=\"1\u00a0Minute\" \/>\n<script type=\"application\/ld+json\" class=\"yoast-schema-graph\">{\"@context\":\"https:\/\/schema.org\",\"@graph\":[{\"@type\":\"WebPage\",\"@id\":\"https:\/\/www.womans-secret-shop.com\/shop\/produkt\/arbeitsmaterial\/fluessigkeiten\/sonstige\/reinigungsschaum-fuer-wimpernverlaengerung-excellent-eyelash-foam-cleanser\/\",\"url\":\"https:\/\/www.womans-secret-shop.com\/shop\/produkt\/arbeitsmaterial\/fluessigkeiten\/sonstige\/reinigungsschaum-fuer-wimpernverlaengerung-excellent-eyelash-foam-cleanser\/\",\"name\":\"Wimpernshampoo Eyelash Foam Cleanser - WOMANS-SECRET-SHOP.COM\",\"isPartOf\":{\"@id\":\"https:\/\/www.womans-secret-shop.com\/shop\/#website\"},\"datePublished\":\"2017-08-18T06:56:27+00:00\",\"dateModified\":\"2023-07-29T13:18:16+00:00\",\"breadcrumb\":{\"@id\":\"https:\/\/www.womans-secret-shop.com\/shop\/produkt\/arbeitsmaterial\/fluessigkeiten\/sonstige\/reinigungsschaum-fuer-wimpernverlaengerung-excellent-eyelash-foam-cleanser\/#breadcrumb\"},\"inLanguage\":\"de\",\"potentialAction\":[{\"@type\":\"ReadAction\",\"target\":[\"https:\/\/www.womans-secret-shop.com\/shop\/produkt\/arbeitsmaterial\/fluessigkeiten\/sonstige\/reinigungsschaum-fuer-wimpernverlaengerung-excellent-eyelash-foam-cleanser\/\"]}]},{\"@type\":\"BreadcrumbList\",\"@id\":\"https:\/\/www.womans-secret-shop.com\/shop\/produkt\/arbeitsmaterial\/fluessigkeiten\/sonstige\/reinigungsschaum-fuer-wimpernverlaengerung-excellent-eyelash-foam-cleanser\/#breadcrumb\",\"itemListElement\":[{\"@type\":\"ListItem\",\"position\":1,\"name\":\"Startseite\",\"item\":\"https:\/\/www.womans-secret-shop.com\/shop\/\"},{\"@type\":\"ListItem\",\"position\":2,\"name\":\"ALLE PRODUKTE\",\"item\":\"https:\/\/www.womans-secret-shop.com\/shop\/alle-produkte\/\"},{\"@type\":\"ListItem\",\"position\":3,\"name\":\"Wimpernshampoo Eyelash Foam Cleanser\"}]},{\"@type\":\"WebSite\",\"@id\":\"https:\/\/www.womans-secret-shop.com\/shop\/#website\",\"url\":\"https:\/\/www.womans-secret-shop.com\/shop\/\",\"name\":\"WOMANS-SECRET-SHOP.COM\",\"description\":\"Wimpern und Zubeh\u00f6r online kaufen!\",\"potentialAction\":[{\"@type\":\"SearchAction\",\"target\":{\"@type\":\"EntryPoint\",\"urlTemplate\":\"https:\/\/www.womans-secret-shop.com\/shop\/?s={search_term_string}\"},\"query-input\":\"required name=search_term_string\"}],\"inLanguage\":\"de\"}]}<\/script>\n<!-- \/ Yoast SEO plugin. -->","yoast_head_json":{"title":"Wimpernshampoo Eyelash Foam Cleanser - WOMANS-SECRET-SHOP.COM","robots":{"index":"index","follow":"follow","max-snippet":"max-snippet:-1","max-image-preview":"max-image-preview:large","max-video-preview":"max-video-preview:-1"},"canonical":"https:\/\/www.womans-secret-shop.com\/shop\/produkt\/arbeitsmaterial\/fluessigkeiten\/sonstige\/reinigungsschaum-fuer-wimpernverlaengerung-excellent-eyelash-foam-cleanser\/","og_locale":"de_DE","og_type":"article","og_title":"Wimpernshampoo Eyelash Foam Cleanser - WOMANS-SECRET-SHOP.COM","og_description":"Menge:\u00a040 ml | 100 ml | 150 ml","og_url":"https:\/\/www.womans-secret-shop.com\/shop\/produkt\/arbeitsmaterial\/fluessigkeiten\/sonstige\/reinigungsschaum-fuer-wimpernverlaengerung-excellent-eyelash-foam-cleanser\/","og_site_name":"WOMANS-SECRET-SHOP.COM","article_publisher":"https:\/\/www.facebook.com\/wsbyalicjakesik\/","article_modified_time":"2023-07-29T13:18:16+00:00","og_image":[{"width":800,"height":1067,"url":"https:\/\/www.womans-secret-shop.com\/shop\/wp-content\/uploads\/2021\/09\/0c50003832f947da78a968249d13034ee0_1oj62yzmhvnxru-kopie-10.jpg","type":"image\/jpeg"}],"twitter_card":"summary_large_image","twitter_misc":{"Gesch\u00e4tzte Lesezeit":"1\u00a0Minute"},"schema":{"@context":"https:\/\/schema.org","@graph":[{"@type":"WebPage","@id":"https:\/\/www.womans-secret-shop.com\/shop\/produkt\/arbeitsmaterial\/fluessigkeiten\/sonstige\/reinigungsschaum-fuer-wimpernverlaengerung-excellent-eyelash-foam-cleanser\/","url":"https:\/\/www.womans-secret-shop.com\/shop\/produkt\/arbeitsmaterial\/fluessigkeiten\/sonstige\/reinigungsschaum-fuer-wimpernverlaengerung-excellent-eyelash-foam-cleanser\/","name":"Wimpernshampoo Eyelash Foam Cleanser - WOMANS-SECRET-SHOP.COM","isPartOf":{"@id":"https:\/\/www.womans-secret-shop.com\/shop\/#website"},"datePublished":"2017-08-18T06:56:27+00:00","dateModified":"2023-07-29T13:18:16+00:00","breadcrumb":{"@id":"https:\/\/www.womans-secret-shop.com\/shop\/produkt\/arbeitsmaterial\/fluessigkeiten\/sonstige\/reinigungsschaum-fuer-wimpernverlaengerung-excellent-eyelash-foam-cleanser\/#breadcrumb"},"inLanguage":"de","potentialAction":[{"@type":"ReadAction","target":["https:\/\/www.womans-secret-shop.com\/shop\/produkt\/arbeitsmaterial\/fluessigkeiten\/sonstige\/reinigungsschaum-fuer-wimpernverlaengerung-excellent-eyelash-foam-cleanser\/"]}]},{"@type":"BreadcrumbList","@id":"https:\/\/www.womans-secret-shop.com\/shop\/produkt\/arbeitsmaterial\/fluessigkeiten\/sonstige\/reinigungsschaum-fuer-wimpernverlaengerung-excellent-eyelash-foam-cleanser\/#breadcrumb","itemListElement":[{"@type":"ListItem","position":1,"name":"Startseite","item":"https:\/\/www.womans-secret-shop.com\/shop\/"},{"@type":"ListItem","position":2,"name":"ALLE PRODUKTE","item":"https:\/\/www.womans-secret-shop.com\/shop\/alle-produkte\/"},{"@type":"ListItem","position":3,"name":"Wimpernshampoo Eyelash Foam Cleanser"}]},{"@type":"WebSite","@id":"https:\/\/www.womans-secret-shop.com\/shop\/#website","url":"https:\/\/www.womans-secret-shop.com\/shop\/","name":"WOMANS-SECRET-SHOP.COM","description":"Wimpern und Zubeh\u00f6r online kaufen!","potentialAction":[{"@type":"SearchAction","target":{"@type":"EntryPoint","urlTemplate":"https:\/\/www.womans-secret-shop.com\/shop\/?s={search_term_string}"},"query-input":"required name=search_term_string"}],"inLanguage":"de"}]}},"_links":{"self":[{"href":"https:\/\/www.womans-secret-shop.com\/shop\/wp-json\/wp\/v2\/product\/1702"}],"collection":[{"href":"https:\/\/www.womans-secret-shop.com\/shop\/wp-json\/wp\/v2\/product"}],"about":[{"href":"https:\/\/www.womans-secret-shop.com\/shop\/wp-json\/wp\/v2\/types\/product"}],"replies":[{"embeddable":true,"href":"https:\/\/www.womans-secret-shop.com\/shop\/wp-json\/wp\/v2\/comments?post=1702"}],"wp:featuredmedia":[{"embeddable":true,"href":"https:\/\/www.womans-secret-shop.com\/shop\/wp-json\/wp\/v2\/media\/3037"}],"wp:attachment":[{"href":"https:\/\/www.womans-secret-shop.com\/shop\/wp-json\/wp\/v2\/media?parent=1702"}],"wp:term":[{"taxonomy":"product_cat","embeddable":true,"href":"https:\/\/www.womans-secret-shop.com\/shop\/wp-json\/wp\/v2\/product_cat?post=1702"},{"taxonomy":"product_tag","embeddable":true,"href":"https:\/\/www.womans-secret-shop.com\/shop\/wp-json\/wp\/v2\/product_tag?post=1702"}],"curies":[{"name":"wp","href":"https:\/\/api.w.org\/{rel}","templated":true}]}}